 d(u).
-5
Let i be 4*(-3 + 14/8). Let f = i - -8. Let r be -1*f*(-9)/27. Let g(b) = 5*b + 1. What is g(r)?
6
Let b(h) = -h + 3. Suppose 2 = 5*x - 13. Let n(y) = y**2 - 3*y. Let s be n(x). Suppose s*r + 8 = 2*r. What is b(r)?
-1
Suppose 5*g = -5, -2*g = 5*h + 2*g - 6. Let c be 0 - (10/(-2) + h). Let q(d) = -d - 19 + 12 - 2*d**2 + d**3 + 3 + 3. Give q(c).
5
Let y(d) = -2*d**2 - 3*d + 3. Suppose 5*c - 10 = 2*s + 3*c, -3*s - 3 = 3*c. What is y(s)?
-6
Let x(u) = u - 6. Let k be x(3). Let p be 11*k/(-5 - -2). Let f = -9 + p. Let i(c) = -5*c + 2. What is i(f)?
-8
Suppose 5*s - 156 = 44. Let h(u) = 63*u - 29*u - s*u. Give h(-3).
18
Let q(w) = 12*w - 5*w**2 - 4 - 6 + 0*w - 3 + 6*w**2. What is q(-12)?
-13
Let t(a) = a**3 + 2*a - 1. Let o be t(1). Suppose -4*j + 8 = -o*j. Let s(g) = 5*g + g - j*g + 1 + 1. Calculate s(2).
6
Let x(b) = -5*b**2 - 4 + 5*b**2 - b**2 - 2*b. Let d(j) = -6*j**2 + 14*j - 8. Let y be d(2). Give x(y).
-12
Let l(j) be the second derivative of -j**4/12 - j**3 - 3*j**2 - 2*j. Suppose 18*p + 10 = 16*p. Determine l(p).
-1
Suppose 5*r + 71 = 81. Let f(k) be the first derivative of -2*k**r + 1 - 1/3*k**3 - 4*k. What is f(-3)?
-1
Let d(z) = 10*z - 4. Let u(m) = -3*m + 1. Let a(q) = -6*d(q) - 21*u(q). Let o = -2106 + 2110. Give a(o).
15
Let g(d) = -4*d + 1. Let p be -16*(1 + (-5)/2). Suppose 5*z = 2*z + p. Let a be z/(-6) + 15/45. Calculate g(a).
5
Let u(r) = -r**3 + 3*r**2 - 5*r + 2. Suppose -10*v = -65 - 15. Suppose 0 = w - 4*x - 7 - 0, 5*x = w - v. What is u(w)?
-13
Let w(q) be the second derivative of 0 - 1/20*q**5 - 1/4*q**4 + 5/6*q**3 + 24*q + 5/2*q**2. Determine w(-4).
1
Let z(f) = -18*f + 4 + 16*f - 2. Calculate z(-2).
6
Let j(r) be the first derivative of -5*r**2 + r + 11 + 1 + 0*r**2 + 4*r**2. What is j(5)?
-9
Let i(t) = t**2 + 3*t + 3. Let z(d) = d**3 + 6*d**2 + 8*d - 12. Let v be z(-5). Let b = v - -22. Give i(b).
13
Let c(d) be the second derivative of d**4/12 + 11*d**3/6 - 5*d**2/2 - 319*d. Determine c(-11).
-5
Let l(y) = -5*y + 98. Let n(u) = -2*u + 53. Let p(b) = 6*l(b) - 11*n(b). Determine p(2).
-11
Let b be (-52)/9 + 6/(-27). Let r(w) = 3 - 10 + 14 + 2*w. What is r(b)?
-5
Suppose -3*r + 14 - 1 = p, -r = -3*p - 21. Let i = r - 10. Let h(k) = 1. Let b(w) = -3*w. Let g(n) = -b(n) + 5*h(n). What is g(i)?
-7
Let x be (-22)/14 + 4/7. Let q(p) = -11*p**2 - 3*p + 1. Let a(o) = -9*o**2 - 2*o + 1. Let g(s) = 3*a(s) - 2*q(s). Give g(x).
-4
Suppose 6*f - 7*f - k + 7 = 0, 4*k = f - 2. Let o(p) = -p**2 + 6*p - 5. Calculate o(f).
-5
Let s(k) = -k**2 + 7*k - 3. Let o(u) = 26*u**3 - u**2 + 3*u - 1. Let d be o(1). Let t = -22 + d. Calculate s(t).
7
Let u(h) = 5*h**2 + 28*h - 10. Let i(v) = -11*v**2 - 62*v + 20. Let q(k) = 6*i(k) + 13*u(k). Calculate q(-4).
6
Let x be 1/((-64)/22 - -3). Suppose 0 = r - 4*j - 20, 2*r - 18 - 8 = j. Let k = x - r. Let z(w) = -6*w**2 - 1. Give z(k).
-7
Let q(x) = -6*x - 29. Let k be q(-5). Let m(h) = -11*h**2 - 7*h + 5. Let b(v) = 6*v**2 + 4*v - 3. Let u(y) = 7*b(y) + 4*m(y). What is u(k)?
-3
Let g(t) = t + 1. Suppose -10 - 74 = 42*l. Give g(l).
-1
Let f(t) be the second derivative of t**4/12 - 19*t**3/6 + 35*t**2/2 + t - 105. Give f(17).
1
Let n(u) = -3*u - 9. Let s be n(-10). Let h be (-12)/s*35/(-10). Let f(g) = 3*g**3 - 3*g**2 + 2*g - 2. Determine f(h).
14
Let q = 274 - 263. Let y(u) = u**3 - 12*u**2 + 12*u - 4. Give y(q).
7
Let x(d) be the first derivative of 13 - 3*d**2 - 1/4*d**4 - 6*d + 2*d**3. Determine x(5).
-11
Let m(i) be the second derivative of -i**3/2 - 2*i + 93. Determine m(7).
-21
Let r(a) = 2*a**3 + a**2 + 5*a - 4. Let p(s) = -1 + 21*s**2 - 6*s**2 - 16*s**2 + s. Let f(k) = -3*p(k) + r(k). Determine f(-2).
-5
Let t(q) = q**3 - 5*q**2 - 3*q - 7. Let w(f) = f**3 - 10*f - 3. Let z be w(-3). Suppose 0 = 5*i - z*k - k - 33, -5*k = 15. Determine t(i).
11
Let m(a) = 5*a - 3. Suppose -5*s - 6 = -4*q + 5*q, -2 = -2*q - 3*s. Determine m(q).
17
Let c = 693 + -690. Let z(d) be the first derivative of d + d**2 + 1 + 2/3*d**c. Determine z(-2).
5
Suppose 4*s + 28 = 2*k, -2*k + 3 = -s - 1. Let p = s - -12. Suppose 12 - 4 = -p*c. Let i(g) = -2*g**2 - 2*g - 3. What is i(c)?
-7
Let t(d) = -3*d**3 - 2*d**2 - 5*d - 3. Suppose w - 3*r + 17 = 0, 0 = 5*w + 11*r - 9*r. What is t(w)?
23
Let f(k) = -3*k - 3. Let p(u) = 34*u - 66. Let s be p(2). Determine f(s).
-9
Suppose 3*t + 6*f = 2*f + 1, -4*t - f = -23. Let a(k) = k - 4. Determine a(t).
3
Let f(x) = 15*x**2 + x + 1. Suppose -3*g - 5 = -5*i, -10 - 22 = -4*g - 3*i. Suppose 6*u = u - g. Determine f(u).
15
Let t(h) = h**2 - 9*h + 11. Let v = 1434 + -1424. What is t(v)?
21
Let t(m) = -3*m**2 + m - 2. Suppose -a - 108 = -3*a. Let d = a - 52. Calculate t(d).
-12
Let s(t) = -t**2 - t - 39. Let r = 748 + -748. Determine s(r).
-39
Let l be 10 - (-4)/(-8)*10. Suppose 0 = 3*r, -4*u = -l*r + r. Let x(c) = c**2 - c - 4. Calculate x(u).
-4
Let n(u) = 12*u**2 - 3 + u**3 - 4*u**2 + 0*u + 6*u. Suppose 0 = 6*m - 8 - 4. Let o be -1*(28/2)/m. Determine n(o).
4
Suppose -z = -3*r + 6, -4*r + 9 = -2*z + 1. Let u(p) = -1 + 0 - p - 2. Determine u(z).
-3
Let r be (380/15 + 1/6)/18. Let d(a) be the second derivative of 5*a - 1/2*a**2 + 1/6*a**3 - r*a**4 + 0. What is d(1)?
-17
Let r(h) = -1528*h + 504*h + 514*h + 45 + 507*h. What is r(17)?
-6
Let d(n) = n**3 - 2*n**2 - 3*n - 4. Suppose -h + 6*x + 17 = 3*x, 0 = -2*h + 3*x + 43. Suppose h*y - 15*y - 33 = 0. Give d(y).
-4
Let m(b) = -5*b + 13. Let g(k) = -13 + 4*k - 5*k + 5*k. Let c(t) = -4*g(t) - 3*m(t). Calculate c(0).
13
Let y(p) = -3*p**3 + 16*p**2 - 19*p - 37. Let c(g) = 4*g**3 - 1. Let h(z) = c(z) + y(z). Calculate h(-17).
-4
Let r be 2/(-9) + (-2471)/(-63). Let y = r + -32. Let l(o) = -o**2 + 8*o - 7. Calculate l(y).
0
Let a(p) = 10*p**2 - p - 2. Let q = -837 - -836. Give a(q).
9
Let w = 1 + -1. Suppose -5*t = -5*x + 3*x + 36, t + 2*x = w. Let h(g) = -g**2 - 6*g - 2. Give h(t).
-2
Let f(b) = b**3 - 5*b**2 + 5*b + 2. Let n be -3*(2/(-3))/2. Let c be 31 + -3 - 2/n. Suppose 3*l + 2 = 3*g + c, -l + 2*g + 12 = 0. Calculate f(l).
6
Let c(w) = 2*w**2 - w + 1. Let x be c(2). Let v(q) = q**3 - 6*q**2 - 10*q + 20. Let m be v(x). Let s(a) = 4*a**2 + a + 1. Calculate s(m).
4
Let s(i) = -i**3 - 4*i**2 - i + 1. Let w(d) = -4*d**3 - 17*d**2 + 3*d - 3. Let x(m) = -3*s(m) + w(m). What is x(-6)?
-6
Let t(n) = 35 - 33*n**3 + 2*n - 78 + 44. Give t(-1).
32
Let a be (28/(-12))/(3/(-9)). Suppose 14*h = a*h + 28. Let v(m) be the first derivative of -m**2/2 - 2*m - 4. Determine v(h).
-6
Let a(v) be the third derivative of 1/24*v**4 - 1/6*v**3 + 41*v**2 + 0 + 0*v - 1/12*v**5. What is a(1)?
-5
Let h(v) = v**2 - 5. Let c be (-7)/((-39 + 25)*1/12). Give h(c).
31
Suppose y + 20 = 6*y. Let x(p) = -3*p + 4*p + 5*p - p + 1 - 3*p. Let j(r) = -r**2 - 3*r - 2. Let n(m) = y*x(m) + 3*j(m). Calculate n(2).
-16
Suppose 4*i - n = -2*n - 332, 2*i + 3*n + 166 = 0. Let t = i - -80. Let v(c) = c**3 + 3*c**2 - 4*c. Give v(t).
12
Let b(k) = -5*k**2 - 5*k**2 + 2*k + 7 + 21*k**2 - 9*k**2. Let l(w) = -w**2 - w - 6. Let g(u) = 2*b(u) + 3*l(u). Give g(0).
-4
Let x(a) be the third derivative of 0*a - 13*a**2 + 0 + 1/24*a**4 + 3/2*a**3. Let n = -8 + 8. Give x(n).
9
Let t be 4*(55/(-4))/11. Let a be (-5)/(-15)*(1 + 14). Let b(i) = -4 - a*i**2 + 6 - i**3 + 4. Give b(t).
6
Let x(l) be the third derivative of -l**9/60480 + l**8/2240 + l**7/560 + l**6/72 - 7*l**5/60 - 35*l**2. Let w(k) be the third derivative of x(k). What is w(10)?
0
Suppose -4*h + 3*y - 103 = 0, 0 = -4*h - 0*h - 2*y - 98. Let z = 96 + h. Let k(m) = -m**3 - 2 + 66*m**2 - m + 6 - z*m**2. What is k(-4)?
-8
Let f(s) be the third derivative of -s**4/8 + 5*s**3/2 + 81*s**2. Give f(6).
-3
Let w(o) = 5*o - 8. Let t(q) = 10*q - 7. Let a(h) = 18*h - 14. Let m(g) = 3*a(g) - 5*t(g). Let u(b) = 7*m(b) - 6*w(b). Give u(3).
-7
Suppose 0 = 3*j - 10*j - 7. Let v(b) = 25*b + 1. Determine v(j).
-24
Let i(v) = 5*v**2 + 30*v - 58*v - 5 + 25*v - v**2 + v**3. Suppose -5*j - 22 - 5 = 3*a, 4*j = -12. Let q = a + 0. Determine i(q).
7
Let j(l) = -6365*l**2 + 15*l + 3 - 7*l + 6355*l**2 + l**3. Determine j(9).
-6
Let h(n) = -6*n**3 + 7*n**3 + n - 39 + 35 + n**2. Give h(0).
-4
Let g(w) = 2 - 1 - 2*w - 2. Let p = -20 + 22. Suppose -2*v + 2*n + 2 = 0, -p*v + 14 = n + 3*n. What is g(v)?
-7
Suppose 110 = 42*x - 310. Let k(h) = -h**3 + 9*h**2 + 8*h + 3. What is